. What is a(3)?
73
Let n(l) = -6656*l + 99826. Determine n(15).
-14
Let s(b) = -b**2 - 185*b + 13205. Give s(-240).
5
Let n(c) = 47*c + 2356. What is n(-50)?
6
Let z(o) = o**3 - 19*o - 68. What is z(6)?
34
Let u(f) = 5*f - 120. What is u(24)?
0
Let x(a) = -a**3 - 52*a**2 - 11. Calculate x(-52).
-11
Let v(j) = -99*j + 98. Determine v(-5).
593
Let x(b) = -2*b + 155. Determine x(-20).
195
Let s(p) = p**3 + 135*p**2 - 419*p - 696. What is s(-138)?
-6
Let u(j) = -2*j**2 + 250*j + 247. What is u(126)?
-5
Let k(m) = -669*m + 10699. Calculate k(16).
-5
Let h(y) = -y**3 + 9*y**2 + 18*y + 1. Determine h(8).
209
Let q(g) = -8*g**3 - g**2 + 11*g + 29. Determine q(-2).
67
Let l(y) = 14*y**2 - 475*y + 425. Determine l(33).
-4
Let y(c) = -62*c + 1104. Give y(23).
-322
Let a(s) = -20*s + 47. Give a(2).
7
Let n(d) = 2451*d - 24466. Determine n(10).
44
Let o(t) = -14*t + 97. Determine o(-1).
111
Let f(q) = -q**2 - 24*q + 333. Give f(10).
-7
Let t(s) = -19*s + 213. What is t(13)?
-34
Let l(x) = -476*x - 1436. Calculate l(-3).
-8
Let t(w) = -w**3 + 17*w**2 + 84*w - 22. Determine t(21).
-22
Let o(v) = v**2 - 258*v + 1990. Give o(8).
-10
Let q(n) = -2*n**3 + 324*n**2 - 321*n - 271. Give q(161).
-110
Let s(i) = -447*i + 19683. Calculate s(44).
15
Let a(j) = 2*j**2 - 15*j - 5. What is a(-5)?
120
Let m(l) = -l**3 - 20*l**2 + 106*l + 1371. Determine m(-22).
7
Let t(o) = 3*o**2 + 202*o + 494. What is t(-64)?
-146
Let l(g) = -4*g**2 + 500*g - 1931. Give l(121).
5
Let d(c) = -c**3 - 20*c**2 + 980*c - 394. Give d(-43).
-7
Let u(y) = 3*y**2 + 125*y - 257. Calculate u(2).
5
Let l(i) = 8*i**2 - 23*i + 9. Give l(2).
-5
Let o(q) = 2*q**3 - 30*q**2 + 114*q - 1. Give o(7).
13
Let i(a) = -106*a**2 - 14*a - 7. Give i(2).
-459
Let d(t) = -t**2 + 42*t + 606. Determine d(58).
-322
Let d(o) = -o**3 - 5*o**2 + 16*o + 84. What is d(-4)?
4
Let g(f) = 4*f**2 + 42*f + 50. Determine g(-9).
-4
Let r(k) = -k**3 + 60*k**2 + 10*k + 3091. Determine r(61).
-20
Let n(r) = -274*r - 10673. What is n(-39)?
13
Let d(w) = -w**3 + 38*w**2 - 278*w - 68. Determine d(28).
-12
Let j(c) = c + 147. Give j(35).
182
Let u(y) = -y**3 - 8*y**2 - 13*y - 15. What is u(-2)?
-13
Let i(l) = -410*l. Calculate i(-1).
410
Let h(y) = -y**3 - 4*y**2 + 29*y + 201. What is h(-5)?
81
Let m(w) = -19*w + 788. Calculate m(40).
28
Let w(o) = o**2 + 54*o - 2613. Determine w(-85).
22
Let i(z) = -z**2 + 30*z - 48. Give i(28).
8
Let m(j) = -j**3 + 14*j**2 + 93*j - 1401. Determine m(11).
-15
Let s(c) = c**3 - 52*c**2 + 190*c + 116. Give s(48).
20
Let r(g) = 143*g - 61. Calculate r(4).
511
Let p(j) = -20*j**2 + 1101*j + 67. What is p(55)?
122
Let i(n) = -17*n**2 - 3194*n + 403. What is i(-188)?
27
Let f(a) = -a**3 - 38*a**2 - 221*a - 8. Determine f(-7).
20
Let s(u) = -u**3 + 128*u**2 - 3868*u - 151. Give s(49).
-4
Let l(s) = -2*s**3 - 77*s**2 - 36*s + 117. Give l(-38).
41
Let p(r) = -2*r**3 + 20*r**2 - 59*r + 360. Give p(12).
-924
Let k(d) = 45*d - 61. Give k(2).
29
Let y(m) = 69*m - 192. Calculate y(3).
15
Let o(d) = 393*d - 782. Determine o(2).
4
Let b(x) = -552*x**3 - 6*x**2 - 14*x - 4. What is b(-1)?
556
Let v(x) = -2*x**2 - 285*x - 10038. What is v(-63)?
-21
Let w(d) = -d**3 + 27*d**2 - 26*d + 5. Calculate w(26).
5
Let n(q) = q**3 - 90*q**2 + 88*q + 85. What is n(89)?
-4
Let h(b) = b**2 + 246*b + 8889. Calculate h(-44).
1
Let s(z) = -z**2 - 41*z + 43. What is s(-43)?
-43
Let u(j) = -27*j**2 - 165*j + 22. Calculate u(-6).
40
Let a(u) = -u**3 - 4*u**2 + 20*u - 4. Determine a(-7).
3
Let x(t) = -6*t**3 - 3*t**2 - t - 1. Determine x(-1).
3
Let q(u) = 23*u**2 + 475*u + 248. What is q(-20)?
-52
Let k(l) = -l**2 - 28*l + 144. Determine k(-32).
16
Let t(c) = -3*c**2 - 270*c + 1740. Give t(6).
12
Let d(a) = -a**3 + 2*a**2 - 14*a + 46. What is d(3)?
-5
Let v(x) = 3*x**2 - 909*x - 10365. Calculate v(314).
-3
Let u(j) = -124*j - 192. Calculate u(-2).
56
Let f(k) = 3060*k + 15311. What is f(-5)?
11
Let z(b) = b**3 - 34*b**2 - 75*b - 6. Determine z(-2).
0
Let t(c) = -c**3 - 11*c**2 - 26*c - 16. Give t(-11).
270
Let i(g) = -8*g + 10. Determine i(3).
-14
Let m(t) = 45*t + 277. What is m(-13)?
-308
Let a(y) = 265*y + 6. What is a(0)?
6
Let a(s) = -69*s + 7110. What is a(103)?
3
Let d(p) = 5*p**2 + 1407*p + 15402. Determine d(-270).
12
Let l(a) = a**2 - 137*a - 573. Calculate l(-4).
-9
Let f(p) = -2*p**3 + 9*p - 4. Give f(-3).
23
Let m(z) = z**3 - 3*z**2 - 6*z - 104. Give m(6).
-32
Let y(m) = -15*m + 858. Determine y(57).
3
Let n(o) = o**3 + 28*o**2 + 15*o - 105. What is n(-27)?
219
Let r(t) = -2*t**2 - 18*t + 18. What is r(-9)?
18
Let l(q) = -2*q**3 - 95*q**2 - 660*q + 41. Determine l(-39).
-76
Let y(s) = -19*s**2 - s - 23. Determine y(0).
-23
Let k(w) = -w**2 - 4*w - 25. What is k(8)?
-121
Let r(s) = 24*s**2 + 17*s - 122. Give r(5).
563
Let i(r) = -r**2 - 583*r + 2926. Calculate i(5).
-14
Let f(c) = -40*c**2 + 588*c + 213. Calculate f(15).
33
Let z(b) = 446*b - 5351. Determine z(12).
1
Let b(c) = 162*c - 5017. What is b(31)?
5
Let p(m) = -9*m**2 + 9*m - 45. What is p(2)?
-63
Let p(j) = -18*j + 1867. Calculate p(93).
193
Let u(q) = 78*q - 3427. Give u(44).
5
Let o(q) = 325*q**2 + 639*q - 4. What is o(-2)?
18
Let v(z) = 3*z**3 - 20*z**2 - 26*z + 136. Calculate v(7).
3
Let z(b) = -32*b + 1521. Calculate z(38).
305
Let h(y) = -3*y**3 - 43*y**2 - 31*y + 109. Calculate h(-13).
-164
Let j(k) = 482*k - 7238. Calculate j(15).
-8
Let o(g) = -g**3 - 6*g**2 + 11*g + 57. What is o(-3)?
-3
Let m(n) = -25*n**2 + 302*n + 78. Determine m(13).
-221
Let p(u) = -4*u**3 - 38*u**2 - 13*u - 9. Give p(-9).
-54
Let x(f) = -9*f**2 - 344*f + 2286. Determine x(-44).
-2
Let c(n) = 1034*n + 28910. Give c(-28).
-42
Let h(z) = -4*z**3 - 36*z**2 - 5*z + 25. Determine h(-9).
70
Let o(g) = g**3 + 52*g**2 + 108*g + 420. Determine o(-50).
20
Let q(m) = m - 3. Determine q(7).
4
Let y(g) = g**3 - 7*g**2 + 9*g + 2. Calculate y(3).
-7
Let r(v) = -2*v**3 + 4*v**2 + 8*v - 9. What is r(-5)?
301
Let r(z) = -82*z + 360. What is r(5)?
-50
Let h(o) = o**3 + 68*o**2 + 134*o + 141. Give h(-66).
9
Let m(y) = -262*y - 782. Determine m(-3).
4
Let o(j) = 198*j + 4983. Determine o(-25).
33
Let p(k) = -2*k**2 - 93*k - 496. What is p(-6)?
-10
Let b(d) = -4*d**3 - 138*d**2 - 900*d - 410. Give b(-26).
6
Let h(f) = -f - 17. Give h(-34).
17
Let s(l) = -147*l - 1018. What is s(-7)?
11
Let n(s) = 7*s**2 + 7*s - 27. Determine n(-7).
267
Let c(k) = -16*k + 836. Calculate c(50).
36
Let u(x) = -x**3 + 69*x**2 - 195*x - 227. Calculate u(66).
-29
Let s(w) = -w**2 + 25*w + 1468. Determine s(-28).
-16
Let c(q) = 26*q**2 + 405*q - 43. Determine c(-16).
133
Let i(g) = 13*g + 712. Calculate i(-85).
-393
Let k(r) = 14*r - 221. Calculate k(9).
-95
Let n(h) = h**2 - 44*h - 1804. Determine n(-25).
-79
Let w(a) = 52*a**2 + 7*a - 9. Calculate w(1).
50
Let n(s) = 86*s - 954. Give n(11).
-8
Let u(f) = 5*f**3 + 76*f**2 + 19*f + 7. Calculate u(-15).
-53
Let q(u) = u**3 + 2*u**2 - 92*u - 388. Determine q(-8).
-36
Let x(w) = 2*w**2 + 28*w + 86. Determine x(-9).
-4
Let h(z) = z**3 - 86*z**2 - 451*z - 338. Calculate h(91).
26
Let s(v) = 3*v**3 - 16*v**2 + 18*v - 47. Calculate s(5).
18
Let l(z) = 64*z + 253. Determine l(-3).
61
Let l(z) = -62*z**3 - 6882*z**2 - 6. What is l(-111)?
-6
Let c(y) = -11*y - 565. Determine c(-64).
139
Let o(q) = q**2 - 22*q - 234. Give o(24).
-186
Let t(q) = -2*q**2 + 16*q - 27. Calculate t(2).
-3
Let u(b) = b**3 - 13*b**2 - 10*b - 132. Calculate u(13).
-262
Let n(z) = 225*z + 1989. What is n(-9)?
-36
Let q(x) = -872*x - 4364. Determine q(-5).
-4
Let n(w) = w**3 - 33*w**2 - 30*w - 21. Determine n(34).
115
Let u(c) = -2*c**2 - 47*c + 1388. What is u(17)?
11
Let a(m) = -m**2 + 15*m + 3026. Determine a(-48).
2
Let p(y) = 584*y - 44394. Calculate p(76).
-10
Let l(p) = -268*p**3 + 10*p**2 + 13*p + 4. Calculate l(-1).
269
Let p(l) = l**3 - 24*l**2 + 79*l - 215. Calculate p(21).
121
Let i(s) = s**3 - 5*s**2 - 24*s - 4. Determine i(7).
-74
Let d(l) = -5514*l + 14. Calculate d(0).
14
Let j(g) = -g**3 - 7*g**2 + 12*g - 16. Determine j(-8).
-48
Let c(h) = -14*h - 111. What is c(-25)?
239
Let f(i) = -i**3 - 17*i**2 - 8*i - 105. Determine f(-16).
-233
Let f(b) = 8*b**3 + 17*b**2 + 13*b + 23. Calculate f(-2).
1
Let a(r) = -r**2 - 145*r + 12318. Give a(-205).
18
Let s(g) = g**2 - 57*g + 251. Calculate s(5).
-9
Let r(s